{"id":174,"date":"2018-02-21T10:59:58","date_gmt":"2018-02-21T09:59:58","guid":{"rendered":"https:\/\/obserwatorium-cta.pl\/?page_id=174"},"modified":"2018-07-30T15:09:06","modified_gmt":"2018-07-30T13:09:06","slug":"publikacje","status":"publish","type":"page","link":"https:\/\/obserwatorium-cta.pl\/?page_id=174","title":{"rendered":"CTA w mediach"},"content":{"rendered":"<p><span style=\"text-decoration: underline;\"><strong>W prasie<\/strong><\/span><\/p>\n<p><strong>2018<\/strong><\/p>\n<p><strong>2017<\/strong><\/p>\n<p>2017-11-27 &#8211; <a href=\"http:\/\/www.urania.edu.pl\/wiadomosci\/testy-obserwacyjne-prototypowego-teleskopu-dla-obserwatorium-cta-3654.html\" target=\"_blank\" rel=\"noopener\">Testy obserwacyjne prototypowego teleskopu dla Obserwatorium CTA<\/a><\/p>\n<p>2017.03.25 &#8211; <a href=\"http:\/\/naukawpolsce.pap.pl\/aktualnosci\/news%2C413593%2Cwydzial-geologii-uw-wykona-pomiary-pod-teleskopy-w-chile.html\" target=\"_blank\" rel=\"noopener\">Wydzia\u0142 Geologii UW wykona pomiary pod teleskopy w Chile<\/a><\/p>\n<p>2017.10.20 &#8211; <a href=\"http:\/\/www.rp.pl\/Kosmos\/171029998-Teleskop-z-Krakowa-zarejestrowal-blyski-promieniowania.html\" target=\"_blank\" rel=\"noopener\">Teleskop z Krakowa zarejestrowa\u0142 b\u0142yski promieniowania<\/a><\/p>\n<p>2017.08.09\u00a0 &#8211; <a href=\"http:\/\/www.urania.edu.pl\/wiadomosci\/astronarium-nr-40-projekt-cta-3489.html\" target=\"_blank\" rel=\"noopener\">program Astronarium o CTA<\/a><\/p>\n<p><strong>2016 i wcze\u015bniejsze<\/strong><\/p>\n<p>2016-09-26 &#8211; <a href=\"http:\/\/www.urania.edu.pl\/wiadomosci\/wiadomo-juz-gdzie-powstanie-polnocne-obserwatorium-cta-2506.html\" target=\"_blank\" rel=\"noopener\">Wiadomo ju\u017c gdzie powstanie p\u00f3\u0142nocne obserwatorium CTA<\/a><\/p>\n<p>2015-09-14 &#8211; <a href=\"http:\/\/www.urania.edu.pl\/wiadomosci\/polskie-towarzystwo-astronomiczne-poparlo-udzial-polski-projekcie-cherenkov-telescope-array-cta\" target=\"_blank\" rel=\"noopener\">Polskie Towarzystwo Astronomiczne popar\u0142o udzia\u0142 Polski w projekcie Cherenkov Telescope Array (CTA)<\/a><\/p>\n<p><span style=\"text-decoration: underline;\"><strong>Wybrane publikacje<\/strong><\/span><\/p>\n<p><strong>2018<\/strong><\/p>\n<p><strong>2017<\/strong><\/p>\n<p><strong>2016 i wcze\u015bniejsze<\/strong><\/p>\n<p>&nbsp;<\/p>\n","protected":false},"excerpt":{"rendered":"<p>W prasie 2018 2017 2017-11-27 &#8211; Testy obserwacyjne prototypowego teleskopu dla Obserwatorium CTA 2017.03.25 &#8211; Wydzia\u0142 Geologii UW wykona pomiary pod teleskopy w Chile 2017.10.20 &#8211; Teleskop z Krakowa zarejestrowa\u0142 b\u0142yski promieniowania 2017.08.09\u00a0 &#8211; program Astronarium o CTA 2016 i &hellip; <a href=\"https:\/\/obserwatorium-cta.pl\/?page_id=174\">Czytaj dalej <span class=\"meta-nav\">&rarr;<\/span><\/a><\/p>\n","protected":false},"author":1,"featured_media":0,"parent":0,"menu_order":0,"comment_status":"closed","ping_status":"closed","template":"","meta":{"footnotes":""},"class_list":["post-174","page","type-page","status-publish","hentry"],"_links":{"self":[{"href":"https:\/\/obserwatorium-cta.pl\/index.php?rest_route=\/wp\/v2\/pages\/174","targetHints":{"allow":["GET"]}}],"collection":[{"href":"https:\/\/obserwatorium-cta.pl\/index.php?rest_route=\/wp\/v2\/pages"}],"about":[{"href":"https:\/\/obserwatorium-cta.pl\/index.php?rest_route=\/wp\/v2\/types\/page"}],"author":[{"embeddable":true,"href":"https:\/\/obserwatorium-cta.pl\/index.php?rest_route=\/wp\/v2\/users\/1"}],"replies":[{"embeddable":true,"href":"https:\/\/obserwatorium-cta.pl\/index.php?rest_route=%2Fwp%2Fv2%2Fcomments&post=174"}],"version-history":[{"count":4,"href":"https:\/\/obserwatorium-cta.pl\/index.php?rest_route=\/wp\/v2\/pages\/174\/revisions"}],"predecessor-version":[{"id":429,"href":"https:\/\/obserwatorium-cta.pl\/index.php?rest_route=\/wp\/v2\/pages\/174\/revisions\/429"}],"wp:attachment":[{"href":"https:\/\/obserwatorium-cta.pl\/index.php?rest_route=%2Fwp%2Fv2%2Fmedia&parent=174"}],"curies":[{"name":"wp","href":"https:\/\/api.w.org\/{rel}","templated":true}]}}